 j*h, -3*h + 4*s = -12. Suppose -42 + 710 = h*w. Is w a prime number?
True
Suppose -971*g + 932*g + 8625201 = 0. Is g a prime number?
True
Let l(q) = 5*q**3 - 26*q**2 + 14*q - 186. Is l(37) composite?
False
Let o = 25145 - -31562. Is o a composite number?
True
Let s be (2/(-6))/((-14)/84). Suppose -5*n = -4*u - 2*n - 9, n + 7 = -s*u. Let z(h) = -19*h**3 + 6*h**2 - 3*h - 3. Is z(u) a prime number?
False
Let w = 104738 + -73969. Is w a prime number?
False
Let d(s) = 794*s + 5. Let h be d(-2). Let c = h - -834. Let v = -490 - c. Is v prime?
False
Let n(b) = -b**3 + 4*b**2 - 2*b - 4. Let t be n(3). Let v = 385 - 316. Is (2 + v/(-3))/t prime?
False
Is 33457/(-4)*(-223 - -219) a composite number?
False
Is 36/(-24)*(4951888/24)/(-1) prime?
True
Let v be (-6)/18 + (-5)/3 + 2. Suppose 7*c + 75 = 4*o + 2*c, v = -2*o + 4*c + 36. Let x(t) = t**3 - 18*t**2 - 19*t - 23. Is x(o) a prime number?
True
Let k = 46 + -26. Let d be (-1)/(-2)*k/2. Suppose -3*j + d*c = -12136, 4027 = j + 2*c - 0*c. Is j prime?
False
Suppose 4*o - 5*o = -42. Let a = 42 - o. Suppose 2*l = -a*l + 674. Is l composite?
False
Let p(d) = -2*d + 34. Let j be (1 + (-85)/10)*-2. Let k be p(j). Suppose 0 = -t - 4*l + 71, t + k*l + l - 66 = 0. Is t a composite number?
True
Suppose -2*r + 5*n = -2002, -2*r - 8*n + 2050 = -5*n. Suppose -3 = -3*f - z, z = f + 4*z + 7. Suppose 210 = f*s - r. Is s a prime number?
True
Let a be (((-13)/8)/(-13))/(1/16). Suppose -3*y + 4*v = -v - 9, -y + 3*v = -3. Suppose a*p - 886 = -2*h - h, -5*h - 1367 = -y*p. Is p a composite number?
False
Let c(k) be the first derivative of -k**3/3 + 6*k**2 - 5*k + 10. Let i be c(13). Is (368/48)/((-2)/i) a composite number?
True
Let t be (12/15)/(32/560). Suppose 16*s - 20630 = t*s. Is s a prime number?
False
Suppose -4*s = h - 3405008, -53*s - h = -54*s + 851247. Is s a prime number?
True
Let u be 3/((-3)/1) + 2. Suppose -3*z - 3*x - 11 = -2*z, 22 = -5*z - 4*x. Is (u/2)/((-3509)/(-1754) + z) a composite number?
False
Suppose -6*f + 4*f = 20. Let q be (-2)/f + (-16588)/65. Let n = q + 922. Is n prime?
False
Let b = -36 + 39. Suppose -b*f - 2*f = -15475. Suppose 5*s = -5*c + s + f, 0 = c - 3*s - 638. Is c prime?
False
Suppose f - 4 = 4*h, -f + 3 = 2*f - 3*h. Suppose 0 = -2*b - 4 + 18. Suppose f = -2*m + b*m - 2675. Is m a composite number?
True
Suppose 2*g + 17778 = -g + 2*h, -5*g - h = 29617. Let k = 8529 + g. Is k a prime number?
False
Suppose -20*u - 7133243 = -22*u - 21*u. Is u a prime number?
False
Is (-110845156)/(-1865) - (-3)/5 a composite number?
True
Is (-375)/(-1625)*125593*1 composite?
True
Let i(a) = -12934*a**3 + 3*a**2 + 2*a + 2. Let o be i(-2). Suppose o = 19*h - h. Is h prime?
True
Suppose -3350*c = -3326*c - 2338584. Is c a prime number?
True
Suppose 6*k + 186133 - 283446 = 495493. Is k composite?
False
Let w(n) = 481*n**3 - 4*n**2 - 3*n. Let o(v) = 1444*v**3 - 11*v**2 - 9*v. Let k(x) = 6*o(x) - 17*w(x). Is k(2) prime?
False
Let y = -121425 - -218572. Is y prime?
False
Suppose -4 = 3*r - 13. Suppose 7*a - 2*a = 25. Suppose -r*q = -4 - a, 5*q = -f + 430. Is f prime?
False
Suppose 29*k = 34*k + 425. Let c = k + 392. Is c composite?
False
Let u = 64078 - 16005. Is u composite?
False
Let z(v) = -3871*v**3 + 3*v**2 + 43*v + 139. Is z(-4) a prime number?
True
Suppose 3*y = -q + 14864, 0 = 5*q - 4*y - 1245 - 72999. Suppose 0 = -15*z + 1063 + q. Is z composite?
False
Suppose -8*r + 62*r - 45900 = 0. Is (-1715646)/(-50) - (-68)/r prime?
True
Suppose 0*n - 28 = -4*n. Let o(x) = -2*x**2 - 8*x**2 + n*x + 2*x**3 - 2*x - 12 - 2*x. Is o(11) composite?
True
Let l(p) = 19054*p**2 + 101*p + 4. Is l(3) a composite number?
False
Suppose -198 = -11*p + 110*p. Suppose -r + 3*r = -16. Is p/(r/(-12)) + 214 a prime number?
True
Let k(w) = -85*w - 147. Let r(x) = 85*x + 147. Let y(i) = 4*k(i) + 3*r(i). Is y(-10) composite?
True
Suppose -4*u - 3*p - 14 = 0, 2*u + 3 + 5 = -2*p. Let q be (u/(-5))/(1/5). Suppose -c - 11 = -q*c. Is c composite?
False
Let d(f) = 60*f**2 - 12*f - 99. Let s be d(-6). Suppose -15564 = -3*u + s. Is u prime?
False
Is -5 + (-13 - -19)*135186 a composite number?
True
Suppose 7*i + 18 = 3*i - 2*n, -11 = -2*i + 3*n. Let k(d) = 60*d**2 + 8*d + 3. Let o be k(i). Suppose 5*l + 0*a + a = 572, -a + o = 2*l. Is l a prime number?
False
Let q = 532664 - 289495. Is q a composite number?
True
Suppose -19*m + 17898 = -21*m. Let a = m - -14206. Is a a prime number?
False
Let m be (-3)/2*(-12)/9. Suppose 9*x - 10 = 7*x. Suppose p = m*p - 1, x = a - 5*p. Is a a composite number?
True
Suppose -2*m = -4*u + 92, 3*m + 12 = u - 21. Let l be -2*-46*100/24*-18. Is 3/7 - l/u a prime number?
False
Suppose -3*l - 22 = -4*l. Suppose 33 = 5*g + 4*h, 3*g - l = -g - h. Suppose 5*j - 3520 = 5*b, -g*j + 3502 = 5*b - 4*b. Is j composite?
False
Suppose 0 = -3*w + 4*u + 42325, w - 3*u - 6167 - 7943 = 0. Is w a composite number?
False
Suppose -7*m + 3167 = 2*b - 10*m, 2*m - 14 = 0. Is b a composite number?
True
Suppose -2*q + 576*z - 580*z = -281722, -2*q + 4*z + 281650 = 0. Is q a prime number?
False
Suppose -3*y - 1624 = -280. Let k = 69 - 962. Let s = y - k. Is s a composite number?
True
Let z(g) = -533*g - 19. Let o be z(-19). Let q = -2549 + o. Is q composite?
False
Suppose -34082 - 6320 = -2*k. Let y = k - 5780. Suppose -3916 + y = 5*c. Is c a composite number?
True
Let h(n) = -243*n**2 - 11*n - 27. Let k(b) = -241*b**2 - 10*b - 28. Let t(j) = -5*h(j) + 4*k(j). Is t(-9) composite?
False
Let x(a) = a**3 - 7*a**2 + 9*a - 13. Let v be x(8). Is (-344)/4*v/(-6) a composite number?
True
Suppose -3*x = -4*s - 128, 2*s - 5*x + 79 = 15. Let z(f) = -103*f - 210. Is z(s) prime?
False
Let r be (-8)/12 - (3270/(-18) - -2). Suppose r - 2940 = -11*y. Is y a composite number?
False
Suppose -147*q + 4*b - 220675 - 39463 = -149*q, 0 = -4*b. Is q prime?
True
Let a(b) = 120 - 176*b - 44*b + 55 + 2. Is a(-13) a composite number?
False
Suppose 0 = -5*q + 2*o + 18611 + 35802, 4*o - 10887 = -q. Is q a prime number?
True
Suppose -7*b + 2*b + 25 = 0. Suppose 0 = -4*z + b - 13. Is 885 + 6 + z - 0 composite?
True
Let n(z) = -z**3 + 9*z + 3. Let r be n(-4). Suppose -5*f - r - 14 = 2*g, 2*g = -2*f - 54. Is 8/((-120)/(-70187)) + 4/g prime?
True
Let v = 2 + 42. Let f = -56 + v. Is (-234)/(-10) + (f/(-20) - 1) a composite number?
False
Let a = -3062 - -4938. Suppose a = 7*d - 5*d - q, -5*q - 10 = 0. Is d a composite number?
False
Let y(a) = 130*a - 32. Let n(c) be the first derivative of 43*c**2/2 - 11*c + 12. Let v(m) = -7*n(m) + 2*y(m). Is v(-8) prime?
False
Is ((-4860506)/84)/((-6)/36) a prime number?
False
Let v = -111250 - -164164. Suppose -v = -32*j + 30*j. Is j composite?
True
Let m be 2/(3 + -4)*(-26)/(-4). Let x(y) = -305*y - 8. Is x(m) composite?
True
Suppose 4*y + z = -y + 234530, 0 = -2*y + 5*z + 93839. Is y composite?
True
Suppose 2*y = -4*i + 39010, -i + 10*y + 9750 = 11*y. Let r = -2976 + i. Is r composite?
False
Suppose 1379 = -h + 12*m - 7*m, 3*h + 3*m = -4047. Let x = h - -2531. Is x composite?
True
Let k(c) = 248*c + 57. Let r(v) = -384*v + 219*v - 5 + 4 - 37. Let b(g) = -5*k(g) - 8*r(g). Is b(9) a composite number?
False
Let v = -129 + 141. Suppose -v*s + 122778 = 21198. Is s prime?
False
Suppose -3*r = -2*r - 5. Let o(z) = -7*z + 45. Let p be o(6). Suppose r*g - 5 = 0, -u - 538 = -2*u + p*g. Is u a prime number?
True
Let n be (-4)/(-15)*-5*-3. Suppose -2*f + 17216 = 8*g - 6*g, 0 = -n*g - 5*f + 34431. Is g a prime number?
True
Suppose w - 4*u - 2 = u, w = 4*u + 2. Let n be (-6)/((w/(-328))/((-6)/(-8))). Suppose -7*h + 3*h + n = 2*o, 4*o - 1520 = 3*h. Is o composite?
True
Suppose 5*i - 13*w - 316220 = -2*w, 0 = w + 5. Is i a composite number?
True
Suppose 0 = 5*y - 4*u - 7633, -5*u + 5225 = 5*y - 2390. Suppose 4*r = -3*f + y, 0 + 4 = r. Is f composite?
False
Is 36*6573 - (28 - 9) prime?
True
Let b(m) = -m**3 + 22*m**2 + 4. Let x be b(22). Suppose -64192 = -2*n + x*k - 8662, -5*n + 5*k = -138830. Is n a prime number?
True
Let l = -57142 + 112269. Is l composite?
False
Let j = 3917 - 1509. Let t = j - 91. Is t prime?
False
Let n be (0 - (-3)/3)/((-5960251)/331126 + 18). Let v be -10*(2391/2 + 1). Let x = n + v. Is x a composite number?
True
Suppose 6*d = -0*d + 12. Suppose -d*a = 5*u - a - 104, 4*u - 76 = a. Suppose 21*m - u*m = 19. Is m composite?
False
L